21. What is w(64)?
-7
Let z(y) = -y**3 - 11*y**2 + 22*y - 152. Give z(-11).
-394
Let m(j) = -3*j**2 + 5984*j + 54113. What is m(-9)?
14
Let d(t) = -91872*t - 3031777. Give d(-33).
-1
Let i(o) = o**2 + 11*o - 1181. Give i(36).
511
Let y(j) = -11*j**2 - 2127*j - 14527. Calculate y(-7).
-177
Let v(r) = 3*r**2 + 1081*r + 97020. Determine v(-191).
-8
Let t(z) = -7*z**2 + 28*z - 3. Determine t(3).
18
Let d(k) = -20*k**2 - 56*k + 100. What is d(-6)?
-284
Let h(l) = -71517*l - 214806. Calculate h(-3).
-255
Let r(v) = 6081*v - 480259. Determine r(79).
140
Let y(o) = o**3 - 184*o**2 - 7617*o - 10519. Give y(219).
-7
Let k(f) = -5*f**2 + 2594*f + 13009. Calculate k(-5).
-86
Let q(t) = -3*t**2 - 135*t + 39906. What is q(-140)?
6
Let b(p) = p**2 + 848*p + 139410. Calculate b(-223).
35
Let v(j) = -47269*j + 94543. Calculate v(2).
5
Let y(s) = -s**3 + 74*s**2 - 395*s - 434. What is y(68)?
450
Let i(u) = u**2 + 2863*u - 83892. Calculate i(29).
-24
Let w(v) = -2*v**3 + 10*v**2 + 160*v - 1509. Determine w(9).
-717
Let y(j) = -14*j**2 - 11560*j - 11559. What is y(-1)?
-13
Let k(w) = -w**3 - 20*w**2 + 2031*w + 930. Calculate k(-56).
90
Let b(c) = -2089*c + 87720. What is b(42)?
-18
Let a(n) = 28*n**3 + 54*n**2 + 238*n + 8. What is a(-5)?
-3332
Let o(l) = 4*l**2 - 7321*l - 29294. Give o(-4).
54
Let f(a) = -1699*a - 10. What is f(0)?
-10
Let s(b) = -5270*b + 36992. Determine s(7).
102
Let f(y) = 3*y**2 - 819*y + 35009. Calculate f(53).
29
Let n(y) = 17*y**2 - 18*y + 46. Determine n(2).
78
Let y(t) = -t**2 + 107468*t - 322399. What is y(3)?
-4
Let s(r) = 463*r + 9356. What is s(-12)?
3800
Let p(g) = 1794*g + 321104. Calculate p(-179).
-22
Let l(s) = 104*s + 20358. Give l(-171).
2574
Let g(c) = 20*c**3 - 14*c**2 - 201*c - 538. What is g(-3)?
-601
Let y(w) = 108*w**2 - 1921*w - 485. Calculate y(18).
-71
Let r(q) = q**3 - 63*q**2 - 10*q + 799. What is r(63)?
169
Let h(m) = 46*m**3 - 3*m**2 + 8*m - 16. What is h(2)?
356
Let w(t) = -643593*t + 1930793. What is w(3)?
14
Let o(n) = n**3 - 178*n**2 + 611*n + 14667. Calculate o(174).
-123
Let s(v) = 6*v**2 + 1664*v + 571. Calculate s(-277).
17
Let w(u) = -31*u**2 - 611*u + 278. Calculate w(-20).
98
Let c(l) = -4143*l - 32312. Give c(-8).
832
Let q(c) = 8*c**3 - 152*c**2 - 74*c - 1768. Determine q(20).
-48
Let a(f) = 1790*f + 588309. Calculate a(-328).
1189
Let n(w) = -w**2 + 470*w + 15381. What is n(-31)?
-150
Let h(z) = -z**2 + 292*z - 10390. Calculate h(41).
-99
Let t(w) = 188261*w + 941338. Calculate t(-5).
33
Let o(l) = 1106*l - 6719. Give o(6).
-83
Let j(d) = 15130*d - 136140. Calculate j(9).
30
Let f(p) = 14*p**2 - 303*p - 82. Determine f(17).
-1187
Let b(c) = -71399*c - 214190. What is b(-3)?
7
Let c(t) = -1061*t - 25006. Give c(-23).
-603
Let k(t) = -53*t**2 + 61*t + 27. Give k(-1).
-87
Let l(u) = -u**3 + 54*u**2 + 638*u - 179. Give l(64).
-307
Let m(k) = -20445*k + 286244. Calculate m(14).
14
Let k(i) = -2034*i - 176911. Give k(-87).
47
Let i(a) = 68241*a - 136530. Give i(2).
-48
Let w(n) = 25*n**2 - 261*n - 2220. Determine w(16).
4
Let f(b) = 1386*b**2 + 11081*b - 11. Calculate f(-8).
45
Let x(l) = -900*l - 3443. Calculate x(-4).
157
Let h(q) = q**3 + 319*q**2 + 661*q + 8253. Determine h(-317).
-306
Let m(w) = 30*w**2 - 138*w + 165. Determine m(9).
1353
Let n(i) = 1825*i + 31022. Determine n(-17).
-3
Let r(v) = 6632*v + 67039. Determine r(-10).
719
Let r(k) = -352*k + 65183. Determine r(185).
63
Let x(n) = -n**2 + 96*n - 29. What is x(7)?
594
Let a(y) = 3217*y - 302329. What is a(94)?
69
Let v(j) = 18500*j - 55501. Calculate v(3).
-1
Let q(v) = -6813*v + 2241478. Give q(329).
1
Let j(q) = -6*q**2 - 161*q - 1097. Calculate j(-20).
-277
Let k(n) = -6*n**2 - 915*n + 5540. Determine k(6).
-166
Let v(p) = -6*p**2 - 177*p + 918. Determine v(5).
-117
Let d(a) = -82*a + 64. Give d(14).
-1084
Let m(t) = -873*t + 4409. What is m(5)?
44
Let q(j) = -5576*j**2 - 11122*j + 58. Determine q(-2).
-2
Let q(x) = -575*x**3 - 16101*x**2 - 19*x + 255. Give q(-28).
3
Let r(q) = 3184*q + 63665. Give r(-20).
-15
Let v(m) = -m**3 - 1406*m**2 - 4212*m - 11. Determine v(-3).
-2
Let m(w) = -3141*w - 98219. Give m(-31).
-848
Let x(o) = o**3 + 40*o**2 - 1383*o + 78. Give x(-62).
1256
Let g(f) = 34*f**3 - 275*f**2 + 10*f + 23. Give g(8).
-89
Let d(l) = -5111678*l - 25558392. What is d(-5)?
-2
Let t(p) = 139*p**2 + 15437*p + 874. Give t(-111).
-14
Let k(r) = 10334*r - 41688. Calculate k(4).
-352
Let v(u) = 1514*u**2 + 1448893*u - 4782. Give v(-957).
3
Let w(n) = -n**3 - 30*n**2 - 201*n - 469. Give w(-22).
81
Let v(s) = -s**3 - 17*s**2 - 15*s - 553. Determine v(-16).
-569
Let u(g) = -2990*g + 17990. Calculate u(6).
50
Let p(z) = 29*z**2 - 13563*z + 22867. Calculate p(466).
33
Let h(v) = -760*v**2 + 151240*v + 14. Calculate h(199).
14
Let g(o) = 7*o**3 + 81*o**2 + 88*o + 1085. Give g(-15).
-5635
Let v(j) = 49*j - 476. Give v(-15).
-1211
Let b(f) = 32*f**2 + 306*f + 55. Calculate b(-9).
-107
Let n(j) = -73*j**2 - 6937*j + 13990. Calculate n(-97).
22
Let s(y) = -5*y**3 - 1141*y**2 + 7993*y + 709. Give s(-235).
4
Let d(g) = -4*g**2 + 205*g + 1476. Give d(58).
-90
Let a(j) = 1439*j**3 - 8*j + 7. Give a(1).
1438
Let r(v) = 2*v**2 - 1667*v - 23698. Determine r(-14).
32
Let d(i) = -i**3 + 47*i**2 - 228*i + 230. Determine d(41).
968
Let p(z) = z**3 + 13*z**2 - 377*z - 2081. Give p(-5).
4
Let q(n) = -n**3 + 63*n**2 + 121*n + 988. Calculate q(65).
403
Let o(r) = 36497*r - 1021911. What is o(28)?
5
Let h(y) = 29*y**2 + 1043*y - 3120. Determine h(3).
270
Let v(i) = 2*i**2 + 1829*i + 30929. Determine v(-17).
414
Let u(p) = -5*p**3 + 94*p**2 - 53*p - 556. Calculate u(18).
-214
Let c(j) = 266*j**2 - 842*j + 124. Calculate c(3).
-8
Let b(h) = -1237*h**2 - 100191*h + 499. Determine b(-81).
13
Let c(s) = -160*s**2 - 25451*s - 372. Give c(-159).
1377
Let x(v) = -5*v**3 - 2*v**2 + 72*v + 208. Give x(-6).
784
Let m(f) = 2*f**3 - 22*f**2 + 254*f - 2326. Determine m(10).
14
Let v(a) = 372*a**2 + 368*a - 363. What is v(1)?
377
Let z(p) = -252*p**2 - 1976*p - 1967. Give z(-1).
-243
Let c(g) = -21137*g + 1965783. Give c(93).
42
Let d(g) = 3*g**3 + 79*g**2 - 615*g - 2258. Determine d(-32).
14
Let q(w) = -18*w**3 - w**2 - 21*w + 221. Give q(5).
-2159
Let o(g) = 1523*g + 951925. Calculate o(-625).
50
Let f(c) = 2*c**3 + 97*c**2 - 410*c + 1. What is f(4)?
41
Let o(b) = b**3 + 61*b**2 - 723*b - 595. Calculate o(-71).
328
Let y(s) = -1973688*s - 63158026. Calculate y(-32).
-10
Let d(h) = -2*h**3 + 234*h**2 + 2533*h + 822. What is d(127)?
-67
Let z(c) = 1443*c - 168771. Determine z(117).
60
Let o(z) = z**2 - 45686*z + 822002. What is o(18)?
-22
Let s(t) = -15*t**2 + 3150*t - 12826. Calculate s(206).
-466
Let l(y) = 37975*y + 418127. Calculate l(-11).
402
Let b(x) = -20*x**3 + 16*x**2 - 2*x + 3. Determine b(2).
-97
Let h(o) = o**3 + 310*o**2 + 292*o - 5423. Give h(-309).
-170
Let l(j) = -780*j**3 - 69*j**2 + 84*j - 13. Determine l(1).
-778
Let u(z) = z**3 + 50*z**2 + 179*z + 27. Calculate u(-4).
47
Let j(q) = q**3 + 167*q**2 - 15371*q + 1518. What is j(-233)?
-113
Let s(f) = -f**3 + 53*f**2 - 5635*f + 21743. What is s(4)?
-13
Let n(f) = 143266*f + 2865321. What is n(-20)?
1
Let b(t) = -35230*t - 140941. Calculate b(-4).
-21
Let i(t) = 1348*t - 10105. What is i(9)?
2027
Let v(c) = c**3 + 43*c**2 + 424*c + 33. Calculate v(-16).
161
Let o(q) = q**2 + 5101*q - 46093. What is o(9)?
-103
Let y(p) = -11*p**2 + 209*p + 97. Give y(20).
-123
Let j(r) = -10660*r + 149361. Determine j(14).
121
Let h(m) = -2*m**2 - 7566*m - 60382. Calculate h(-8).
18
Let n(o) = -4*o**2 - 3997*o - 632165. What is n(-197)?
8
Let r(a) = 66606*a + 1132354. Give r(-17).
52
Let w(n) = 2*n**2 - 291*n + 10529. What is w(67)?
10
Let l(r) = -1344*r + 7157. Determine l(2).
4469
Let y(h) = 21748*h + 456704. Calculate y(-21).
-4
Let t(j) = 1846*j - 215975. Give t(117).
7
Let q(l) = 138*l**2 + 5784*l + 10639. Determine q(-40).
79
Let n(v) = -4*v**3 - 10*v**2 - 3396*v + 27105. Determine n(8).
-2751
Let v(s) = -120843*s + 2175129. Calculate v(18).
-45
Let m(l) = 255*l - 26057. Determine m(102).
-47
Let x(h) = h**2 + 32666*h + 19617053. What is x(-612)?
5
Let m(g) = -66*g**3 - 1589*g**2 - 182*g - 1498. Determine m(-24).
-10
Let t(c) = -3*c**3 - 638*c**2 + 2120*c - 8667. Calculate t(-216).
-27
Let y(p) = -262*p**2 + 3626*p +